omposite number?
False
Is 62438 composite?
True
Is 76231 composite?
False
Is 40063 a composite number?
False
Is 98297 composite?
False
Is 2129773 composite?
False
Is 485421 composite?
True
Is 5531 a prime number?
True
Is 25043 a prime number?
False
Is 290317 a composite number?
False
Is 211691 prime?
True
Is 2129951 a composite number?
False
Is 487659 composite?
True
Is 33457 a composite number?
False
Is 82639 a composite number?
True
Is 863 a prime number?
True
Is 893 a composite number?
True
Is 7199 prime?
False
Is 93343 a prime number?
False
Is 932353 a composite number?
False
Is 463 a composite number?
False
Is 34123 prime?
True
Is 264997 a prime number?
True
Is 663737 composite?
False
Is 122651 a composite number?
False
Is 9637 a composite number?
True
Is 2653 composite?
True
Is 33395 prime?
False
Is 2477 prime?
True
Is 13367 a prime number?
True
Is 63029 a composite number?
False
Is 42505 a composite number?
True
Is 176029 prime?
False
Is 55649 composite?
True
Is 22241 prime?
False
Is 27949 a composite number?
True
Is 1799 composite?
True
Is 508751 prime?
False
Is 94414 a composite number?
True
Is 4799773 a composite number?
True
Is 31219 a prime number?
True
Is 35671 a prime number?
True
Is 78119 prime?
False
Is 338407 prime?
True
Is 904019 composite?
False
Is 6073 composite?
False
Is 69427 composite?
False
Is 235919 a composite number?
False
Is 2357 a composite number?
False
Is 114887 prime?
False
Is 1199309 composite?
False
Is 4091 prime?
True
Is 8941 a prime number?
True
Is 2599 composite?
True
Is 3593 a composite number?
False
Is 153557 a prime number?
True
Is 68857 composite?
True
Is 593041 a composite number?
False
Is 2747 a prime number?
False
Is 71069 prime?
True
Is 14591 composite?
False
Is 22699 composite?
False
Is 708317 a prime number?
False
Is 2533865 a composite number?
True
Is 39407 a composite number?
True
Is 522811 prime?
True
Is 24611 a prime number?
True
Is 36983 prime?
False
Is 623 composite?
True
Is 1901 a prime number?
True
Is 22381 composite?
False
Is 9743 prime?
True
Is 1117993 a prime number?
True
Is 10427 composite?
False
Is 18101 prime?
False
Is 141301 a prime number?
True
Is 123077 a prime number?
True
Is 523717 a composite number?
False
Is 17953 prime?
False
Is 831 prime?
False
Is 251513 composite?
False
Is 18617 composite?
False
Is 401 composite?
False
Is 517129 composite?
False
Is 2321 composite?
True
Is 172663 a prime number?
True
Is 764143 a prime number?
True
Is 304289 composite?
True
Is 147037 prime?
False
Is 5039 a composite number?
False
Is 527173 prime?
True
Is 79855 prime?
False
Is 6779 prime?
True
Is 306457 composite?
False
Is 5207 composite?
True
Is 483419 a composite number?
True
Is 89734 a prime number?
False
Is 78467 composite?
False
Is 17377 prime?
True
Is 11777 a composite number?
False
Is 1155179 a prime number?
True
Is 5981 composite?
False
Is 109267 a composite number?
False
Is 3691 composite?
False
Is 98435 composite?
True
Is 35517 composite?
True
Is 1618 composite?
True
Is 309719 a composite number?
True
Is 23719 composite?
False
Is 62117 prime?
False
Is 72847 prime?
False
Is 17747 a composite number?
False
Is 27623 composite?
True
Is 573854 composite?
True
Is 117353 a prime number?
True
Is 11846 composite?
True
Is 15817 a composite number?
False
Is 62599 a prime number?
False
Is 3359 prime?
True
Is 11017 composite?
True
Is 3085231 composite?
False
Is 120473 a prime number?
True
Is 499 composite?
False
Is 30971 a prime number?
True
Is 29033 a composite number?
False
Is 2213 a prime number?
True
Is 82879 a composite number?
True
Is 22469 a prime number?
True
Is 312719 prime?
False
Is 672097 composite?
False
Is 1009183 a composite number?
True
Is 31531 prime?
True
Is 64789 a composite number?
True
Is 340757 a composite number?
False
Is 60029 prime?
True
Is 145643 composite?
False
Is 1263677 composite?
False
Is 10529 prime?
True
Is 66709 a prime number?
False
Is 1336853 a composite number?
True
Is 1032943 a composite number?
False
Is 92459 a composite number?
False
Is 526139 composite?
False
Is 386963 a composite number?
False
Is 7 a composite number?
False
Is 595609 a prime number?
False
Is 256097 a prime number?
False
Is 253 composite?
True
Is 115289 composite?
True
Is 9391 composite?
False
Is 216955 prime?
False
Is 482005 composite?
True
Is 1765099 composite?
True
Is 127 prime?
True
Is 15677 prime?
False
Is 1439 a composite number?
False
Is 952163 composite?
False
Is 3373451 a prime number?
False
Is 18001 a prime number?
False
Is 213539 a prime number?
True
Is 112313 a composite number?
True
Is 51067 composite?
True
Is 175907 a composite number?
True
Is 8543 composite?
False
Is 290987 prime?
True
Is 57674 composite?
True
Is 220291 composite?
False
Is 40787 prime?
True
Is 16183 prime?
True
Is 185869 composite?
False
Is 327361 prime?
False
Is 37189 a prime number?
True
Is 445 a prime number?
False
Is 64849 prime?
True
Is 1901749 a composite number?
False
Is 183818 a prime number?
False
Is 8453 composite?
True
Is 1597 prime?
True
Is 10487 a prime number?
True
Is 99597 a composite number?
True
Is 24889 composite?
False
Is 432767 a prime number?
False
Is 70715 composite?
True
Is 207889 a prime number?
False
Is 427513 a prime number?
True
Is 18781 a prime number?
False
Is 13859 prime?
True
Is 127913 a prime number?
True
Is 61819 a prime number?
True
Is 11239 prime?
True
Is 9874 a composite number?
True
Is 278413 a composite number?
False
Is 10711 a prime number?
True
Is 13121 a composite number?
False
Is 54251 a prime number?
True
Is 31469 a prime number?
True
Is 5177 composite?
True
Is 7057 a prime number?
True
Is 10937 composite?
False
Is 130769 composite?
False
Is 32831 a composite number?
False
Is 467 a prime number?
True
Is 4177 a prime number?
True
Is 671 composite?
True
Is 42589 a composite number?
False
Is 7897 composite?
True
Is 323533 a composite number?
True
Is 5923 a composite number?
False
Is 35537 a composite number?
False
Is 66854 a composite number?
True
Is 20017 a prime number?
False
Is 856831 composite?
False
Is 7247 composite?
False
Is 2437 prime?
True
Is 1441 composite?
True
Is 16273 a prime number?
True
Is 40637 prime?
True
Is 25939 a composite number?
False
Is 931358 composite?
True
Is 38431 prime?
True
Is 88721 a composite number?
False
Is 1209422 composite?
True
Is 17153 prime?
False
Is 47857 a prime number?
True
Is 2977 composite?
True
Is 509579 a prime number?
False
Is 391189 composite?
True
Is 14621 composite?
False
Is 940399 a composite number?
False
Is 58385 prime?
False
Is 415123 a composite number?
True
Is 37263 composite?
True
Is 116785 prime?
False
Is 21787 prime?
True
Is 9155 a composite number?
True
Is 17527 prime?
False
Is 1003 a composite number?
True
Is 83747 composite?
True
Is 2497 composite?
True
Is 1465 prime?
False
Is 36997 a prime number?
True
Is 319678 composite?
True
Is 5947 a composite number?
True
Is 9029 composite?
False
Is 13523 a composite number?
False
Is 40577 a prime number?
True
Is 115201 a prime number?
True
Is 71593 prime?
True
Is 409 a prime number?
True
Is 11333 a composite number?
True
Is 34103 a composite number?
True
Is 33997 a composite number?
False
Is 25257 composite?
True
Is 43517 prime?
True
Is 3203 prime?
True
Is 1009 prime?
True
Is 56107 a prime number?
False
Is 26861 composite?
False
Is 181457 prime?
True
Is 167 a prime number?
True
Is 27941 composite?
False
Is 13963 prime?
True
Is 408851 a composite number?
True
Is 4091 composite?
False
Is 46918 composite?
True
Is 325279 composite?
True
Is 1313 composite?
True
Is 473 composite?
True
Is 266066 a composite number?
True
Is 23461 a composite number?
True
Is 85073 a composite number?
True
Is 197191 composite?
True
Is 1099519 a composite number?
False
Is 22261 a composite number?
True
Is 31282 composite?
True
Is 588871 a prime number?
True
Is 341 a composite number?
True
Is 12539 a prime number?
True
Is 819209 composite?
True
Is 4721 prime?
True
Is 485941 a prime number?
True
Is 1080227 a prime number?
False
Is 66358 prime?
False
Is 709 prime?
True
Is 13607 prime?
False
Is 23527 a prime number?
False
Is 55099 a composite number?
True
Is 1585303 a prime number?
False
Is 4713 composite?
True
Is 15161 prime?
True
Is 22829 composite?
True
Is 120261 composite?
True
Is 7639 a prim